 3*h = 30*h - 123363. What is the thousands digit of h?
4
Let f(a) = 190*a + 2. Let x(j) = -189*j - 3. Let i(c) = -4*f(c) - 5*x(c). What is the units digit of i(1)?
2
Suppose 30*l + 15 = 35*l. Suppose 93 = l*j - 63. What is the units digit of j?
2
Let d = 7 - -31. Let z = d - 35. What is the units digit of z?
3
Let a(s) = -2*s - 12. Let f be a(-10). Let n(g) = -g**3 + 9*g**2 - g - 10. What is the units digit of n(f)?
6
What is the units digit of (4 - -746)*1/((-10)/(-56))?
0
Let h(o) = 12*o**2 + 11*o + 5. What is the tens digit of h(9)?
7
Suppose -4*s + 175 = -217. What is the tens digit of s?
9
Suppose b = -z + 64, b = -5*z + 457 - 141. What is the tens digit of z?
6
Suppose 2*t + 886 = 5*f, 4*f - 2*t = -0*f + 710. Let w = 348 - f. What is the units digit of w?
2
Suppose 0 = -2*g - 3*i + 872, 2206 = 2*g + 3*g + i. Suppose 2*p + n + 82 = g, 3*n = p - 194. What is the tens digit of p?
8
What is the hundreds digit of 5037/27 + 36/81?
1
Let i = 76 - 74. What is the units digit of (-1)/i*(-1 - (57 - 0))?
9
Let a(t) = -t**3 - 32*t**2 + 5. Let k be a(-32). Suppose 3*m - 5*x = 916, 5*m - 4*x = -k*x + 1508. What is the hundreds digit of m?
3
What is the units digit of (-4)/(-24) - 203/(-6)?
4
Suppose -18*u - 6545 = -35*u. What is the units digit of u?
5
Let i(j) = -j - 5. Let q be i(-8). Suppose 3*l + 3 = 0, q*h + 4*l - 103 = 370. What is the hundreds digit of h?
1
Let k(q) = 18*q**2 + 10*q - 40. What is the hundreds digit of k(4)?
2
Let s = -15 + 18. Suppose -s*b + 44 = y + 6, -4*y = -5*b + 35. What is the units digit of b?
1
Let h(p) be the third derivative of p**6/120 - 7*p**5/20 - 2*p**4/3 - 25*p**3/6 + 29*p**2. What is the units digit of h(22)?
7
Let b(q) = 6*q + 414. What is the tens digit of b(38)?
4
Suppose -5*d + 13900 = -3*i + 431, -4*i = -2*d + 5382. What is the hundreds digit of d?
6
What is the units digit of 12/162 + 41464/108?
4
What is the units digit of -2*(-1 + (-7705)/10)?
3
Let w(p) = -p**3 + 22*p**2 - 30*p - 67. What is the units digit of w(14)?
1
Suppose 19 - 3 = 4*o. Let q be -1 - (-2)/1 - o. What is the units digit of -20*(19/(-5) - q)?
6
Let q(j) = -293*j - 362. What is the tens digit of q(-7)?
8
Suppose -m + 15 = 4*q - 1, 5*q - 25 = 0. Let x be (-116)/m - (2 - -1). What is the units digit of x + -1 + 2 - 0?
7
Let i = -328 + 2042. What is the tens digit of i?
1
Suppose -3 = 3*h, -l = -0*h + h - 4. Let p = 62 + l. What is the units digit of p?
7
Let w be (5/(-3))/((4/(-6))/(-2)). Let z(t) = 8*t**2 + 3*t - 11. What is the units digit of z(w)?
4
Suppose -5*l - c + 6 = -l, 2*l - c - 6 = 0. Let a = 9 - 6. Suppose -a*w - 57 = -5*v, -26 = -l*v - 2*w - 0*w. What is the tens digit of v?
1
Let z(p) = 16*p**3 + 2*p - 2. Let u be z(1). Let t(k) = 2*k + 20. What is the units digit of t(u)?
2
Let m(s) = 2*s**2 - 29*s - 50. What is the units digit of m(-18)?
0
Let w(r) be the third derivative of -r**4/3 + 29*r**3/6 - 32*r**2. What is the units digit of w(-17)?
5
Suppose -4*m - 12 = 0, -7*n + 4 = -2*n + 2*m. Suppose -3*i = -n*i - 10. What is the tens digit of i?
1
Suppose 0 = -2*a + 3*u + 377, 11*a - 3*u - 965 = 6*a. What is the hundreds digit of a?
1
Let w = 19 + -16. Suppose -w*t + 18 = -66. Let c = t - 24. What is the units digit of c?
4
Let r = 1225 + 913. What is the thousands digit of r?
2
Let a = -878 - -1253. What is the tens digit of a?
7
What is the hundreds digit of ((-7140)/18 + 13)/((-1)/3)?
1
Let g(l) = -2*l + 26. Let d be g(17). Let f(x) = x**3 + 9*x**2 + 2*x - 1. What is the tens digit of f(d)?
4
Suppose 148 = 6*o + 58. What is the tens digit of o?
1
What is the units digit of 104*-116*(-7)/112?
4
Let x = 4670 + -3092. What is the tens digit of x?
7
Let i be (8 + -6)/(1 - 0). Suppose -147 = -2*x + 3*h - 47, -i*x = 2*h - 90. What is the units digit of x?
7
Suppose 0 = 10*r - 21016 - 2584. What is the units digit of r?
0
Suppose -3*s - 12 = -0*s, m + 5*s = 68. What is the tens digit of m?
8
Let v(z) = -z**3 + 7*z**2 + 8*z + 3. Let s be v(8). Let t(c) = 4 - 19 + 10*c**2 + 9*c**3 - 7*c**s - c**3 - 14*c. What is the tens digit of t(-11)?
1
Suppose 2*y - 110 = -5*j, 7*j = 4*y + 2*j - 280. Let p = y - 44. What is the units digit of p/(-6)*-2 + -2?
5
Let b(y) = y**2 + 16*y - 15. Let w be b(-17). Suppose -s = -4*p - 7, 0*s + 2*s + w*p - 44 = 0. Suppose -1 = -n + s. What is the units digit of n?
0
Suppose q - 5*h = 835, -3*q + 8*h = 9*h - 2553. What is the units digit of q?
0
Suppose 5*g + 205 = 785. Suppose 5*c - 436 = -g. Suppose k + 3*s - 2 = c, -56 = -k - s. What is the units digit of k?
1
Suppose -3 = 2*a + 3. What is the tens digit of a + 4*6 + 2?
2
Let q(i) be the second derivative of 1/12*i**4 - 2*i - 2/3*i**3 + 0 - 3*i**2. What is the tens digit of q(7)?
1
Suppose 10 = k + 5, -5*c = 3*k - 17075. What is the thousands digit of c?
3
Let b(l) = -l**2 - 9*l + 9. Let i = -6 + -1. Let n be b(i). Let j = -15 + n. What is the units digit of j?
8
Let y = 201 + -400. Let b = 10 - y. What is the hundreds digit of b?
2
Let x(q) = 13*q - 45. Let a be x(11). Suppose f = -l + 29, -2*f = -10*l + 6*l + a. What is the tens digit of l?
2
Let j be 0/(3 + -2) + 18. Let r = j - -20. Let x = r - 6. What is the tens digit of x?
3
Let j = -6 + 36. What is the tens digit of 61 - (8/6)/(20/j)?
5
Let j = -1757 + 3927. What is the hundreds digit of j?
1
Let n = 5286 - 3553. What is the units digit of n?
3
Let h be 1*((-14)/(-3) - 2/3). Let r be (-2)/11 - (-57)/11. Suppose -7 = -4*p - r*c + 24, -p + h*c + 13 = 0. What is the units digit of p?
9
Let c = 14 + -12. Suppose 3*r = c*r - 6. What is the units digit of (r/8)/(1/(-12))?
9
Let j(q) = q**3 - 21*q**2 - 17*q - 57. What is the units digit of j(23)?
0
Let n be (0 - -1)/(8/544). Suppose -5*s + m = -n, -3*m - 36 = -3*s - 0*s. What is the tens digit of s?
1
Let d = 1 - 5. What is the units digit of ((-282)/((-12)/d))/(-2)?
7
Suppose -2*g + 6 = 2*s, 2*g + 3*g - 3 = -2*s. Suppose -x - 4*q = -43, -s*x + 2*q = -2*x - 116. What is the units digit of x?
5
Let q be (6/(-18))/(2/(-6)). Let p be (-51)/((q - 2) + 0). Suppose -4*y = -2*g + 1 - p, -5*y + 65 = -2*g. What is the units digit of y?
5
Let h(l) = 10*l - 51. Let k be h(6). What is the units digit of 6 + (-3 + 12)*(-3)/k?
3
Let z(m) = 2*m**2 + 2*m + 233. What is the hundreds digit of z(25)?
5
Let p(r) = -3*r**2 - 2*r - 1. Let b be p(-3). Let n = b + 13. Let u(m) = -m**2 - 13*m - 8. What is the units digit of u(n)?
8
Let d be (-170)/51 + 2/6. Let i(w) = -w**3 + 4*w**2 + 3*w - 3. Let l be i(2). Let g = l - d. What is the units digit of g?
4
Suppose 4*m = -v + 10, -2*v = -3 - 1. Suppose m*q - 48 = -x + 62, -3*q - x = -167. What is the units digit of q?
7
Suppose 151*z = 153*z - 266. What is the units digit of z?
3
What is the hundreds digit of ((-79110)/(-24))/(-15)*-4?
8
Suppose 0 = 2*u + 8, 2*u + 290 - 2794 = -4*y. What is the tens digit of y?
2
Let h = 1070 - 468. What is the units digit of h?
2
Let c(m) = m + 20. Let a be c(15). Let w = 32 + a. What is the units digit of w?
7
Suppose -k + c + 164 = 0, 4*k - 564 - 71 = -3*c. Suppose k = -3*n - 4. Let y = 87 + n. What is the tens digit of y?
3
Suppose -3*s + 9044 = -d, -18695 - 2411 = -7*s + 3*d. What is the units digit of s?
3
What is the hundreds digit of 84870/22 - (-357)/1309?
8
Let p(h) = h**3 - 6*h**2 + 7*h + 6. What is the hundreds digit of p(11)?
6
Suppose 4*j + y = -8, 2*j + 7 + 3 = y. Let u = j + 6. Suppose -3*h - 8 = -2*v + u, -3*v = -h - 6. What is the units digit of v?
1
Let a(x) = -5*x. Let r be a(-4). Let w = 42 - r. What is the units digit of w?
2
Let o = -25 + 72. Suppose 5*r = o + 98. What is the tens digit of r?
2
Suppose -7*o + 18 = -4*o. Suppose 0 = 3*b - 4*t - 70, 4*t + 22 = o. What is the units digit of b?
8
Let z(l) = 14*l**3 - 54*l**2 + 33*l - 68. Let v(n) = -5*n**3 + 18*n**2 - 11*n + 23. Let c(w) = 11*v(w) + 4*z(w). What is the tens digit of c(18)?
7
Let k = -245 - -599. What is the units digit of k?
4
Let l = 9 - 8. Let g be -17 + (l - (-3 - -1)). Let k = g - -37. What is the tens digit of k?
2
Suppose g - 566 - 221 = 0. What is the hundreds digit of g?
7
Suppose 2*a - 204 = a. Suppose -a + 12 = -3*b. What is the tens digit of b?
6
Suppose 5*j - 30 - 395 = 0. Let y = j + 60. What is the units digit of y?
5
Let v(q) = q**3 - 5*q**2 - 2*q - 9. Let x be v(7). Let y = x + 23. What is 